
Let g = 37 - 34. Let r(b) be the first derivative of 4*b**3/3 - 2*b + 1. List the prime factors of r(g).
2, 17
Suppose -2*g + 5*g - 4*c + 317 = 0, -337 = 3*g + c. What are the prime factors of 4/(-6)*g/2?
37
Let h(f) = -f**3 + 9*f**2 + 4*f - 2. Suppose -23 = x - 0*x. Let b = 32 + x. List the prime factors of h(b).
2, 17
Let p be (5 - 5) + (-4 - -1). Let v = 2 - p. Suppose -4*x = -v*n + x + 340, -x = 2*n - 136. What are the prime factors of n?
2, 17
Let a(j) = j**2 - 2*j - 10. Let m(l) = -l**3 + 5*l**2 + 10*l + 5. Let w be m(6). Let u = -34 + w. What are the prime factors of a(u)?
5
Suppose -32*h = -35*h + 5994. List the prime factors of h.
2, 3, 37
Suppose -2*h + 2715 = -3*u, -3*u = -4*h - 0*h + 5427. What are the prime factors of h?
2, 3, 113
Suppose -n + 14 = -3*v, -2*n - 3*n - v + 118 = 0. Let u = n + 27. Let i = -36 + u. List the prime factors of i.
2, 7
Suppose 7*v - 39 = -11. Let m be 36 + v + (-6)/(-2). Let y = m - 20. What are the prime factors of y?
23
Let n(m) = 10*m**3 + m**2 - 4*m + 3. Let s be n(3). Suppose s = 5*k - 40. List the prime factors of k.
2, 31
Suppose 4555 = 7*q + 957. What are the prime factors of q?
2, 257
What are the prime factors of (0 + (-3)/(-6))*1664?
2, 13
Suppose -4*h + 55 + 121 = 0. Suppose -3 = -a + 2*i + 8, -i - h = -4*a. Suppose 6*g - a*g + 245 = 0. What are the prime factors of g?
7
What are the prime factors of (3 - 5)*(-3546)/(-12)*-1?
3, 197
Let y(s) = -2*s - 3. Let n be y(-3). Let m be (6/(-4))/((-6)/56). Suppose -23 = -n*o - d, o = -d - 7 + m. What are the prime factors of o?
2
Let f = -51 - -52. Let k = 9 + f. What are the prime factors of k?
2, 5
Let y = 15 + -3. Suppose 2*c = y + 54. What are the prime factors of c?
3, 11
Suppose -3*h = u - 10, 6*u - 12 = -4*h + 4*u. Suppose 76 = 4*q + h*g - 264, 0 = -g. List the prime factors of q.
5, 17
Let n = 25 - -116. Suppose n = 2*s - 61. List the prime factors of s.
101
Suppose 0 = 2*o + 5*v + 15 + 52, 3*o + v = -81. Let t = o - -33. Let d = t - 2. List the prime factors of d.
5
Let l(k) = -k**3 + 11*k**2 - 9*k - 3. Let s be l(10). Suppose 2 = 3*j - s. What are the prime factors of j - (-20 + 8/(-4))?
5
Let j = 80 + -64. What are the prime factors of 100/(((-1)/4)/((-4)/j))?
2, 5
Let n = 84 + -69. List the prime factors of n + (1 - (-6)/2).
19
Let t be 3/(-15) + (-3)/(-15). Let f be 4*((-1 - -2) + t). Suppose -f*b - 1 = -33. What are the prime factors of b?
2
Let n(o) = o**3 - 16*o**2 - 18*o + 17. Let i be n(17). Suppose i = -2*t + 9 + 37. What are the prime factors of t?
23
List the prime factors of 104/(-6)*4*(-225)/50.
2, 3, 13
Let w(u) = u**2 - 16*u + 20. Suppose 5*d - 9 = 11. Suppose d*y = -y + 80. What are the prime factors of w(y)?
2, 5
Let v(j) = 7*j**2 - 21*j + 5. Let y be v(3). Suppose y*r - 7*r = -44. List the prime factors of r.
2, 11
Let g be (-22)/((5 - 1) + -3). What are the prime factors of 1/(-2)*g/11 - -165?
2, 83
Let n(o) = 0*o**2 + o - 2*o**2 + 5*o. Let x be n(6). List the prime factors of ((-48)/x)/(2/3).
2
Let x be 0/(2*(-2)/(-2)). Let q = -886 + 888. Suppose 5*k + q*u - 45 - 181 = x, -3*k + u = -140. What are the prime factors of k?
2, 23
Let c be 60/(-18) - 2/(-6). Let t(y) = -5*y**3 + 2*y**2 + 6*y - 4. List the prime factors of t(c).
131
Let w = -598 - -610. What are the prime factors of w?
2, 3
Let h(j) = 15*j**2 - 23*j + 4. What are the prime factors of h(6)?
2, 7, 29
Let g(d) = -56*d - 44. List the prime factors of g(-11).
2, 11, 13
Let q be ((-88)/(-32))/(3/36). Let i = 35 - q. Suppose 0 = 5*f - 25, i*f - 114 = -2*j + 4*f. What are the prime factors of j?
2, 31
List the prime factors of (1*152)/(14/14).
2, 19
Let q = -374 - -666. List the prime factors of q.
2, 73
Let v(b) = -2*b**3 + 3*b**2 - 8*b - 39. What are the prime factors of v(-6)?
3, 61
Suppose 2*m - m - 53 = 4*q, -m + 47 = -2*q. Suppose 0 = -l, 3*l = -n + l + m. Let c = 61 - n. List the prime factors of c.
2, 5
Let a(c) be the first derivative of 0*c - 13/2*c**2 - 5. What are the prime factors of a(-1)?
13
Suppose 0 = 5*j, -41 = i - j - 181. Let b = i + -133. List the prime factors of b.
7
List the prime factors of 511*4/4 + 4/(-2).
509
Suppose -2*b + 3*z + 1395 = 0, b + 7*z - 708 = 5*z. List the prime factors of (b/15)/((-1)/(-5)).
2, 3, 13
Suppose 13 = 6*b - 977. Suppose 7*t - 592 + b = 0. List the prime factors of t.
61
Suppose 2*f - 6 = -f. Suppose f*r + 37 = 147. What are the prime factors of r?
5, 11
Suppose 13*p - 10*p + 5*u = 11220, 4*p - 14974 = -2*u. List the prime factors of p.
5, 7, 107
Let p = 204 - 84. What are the prime factors of p?
2, 3, 5
Suppose -4*x + 196 = -56. Suppose -f = k + 18 - 0, 4*k - x = 5*f. Let o = -5 - f. What are the prime factors of o?
2, 5
Let g be -3 + 34 - (-5 + (-2 - -6)). Let a = g + 98. What are the prime factors of a?
2, 5, 13
Let s(l) = 3*l**2 - 10*l + 23. What are the prime factors of s(14)?
3, 157
Let p(r) = 11*r**3 + r**2 - r - 6. Let b be p(4). Suppose -2943 = -13*o + b. List the prime factors of o.
281
Let x = 49 + -44. Suppose 2*r - 243 = -x*f, 208 = -0*r + 2*r - 2*f. What are the prime factors of r?
109
Suppose 0 = -2*g - g + 8*g. Suppose g = -0*o - 4*o + 412. What are the prime factors of o?
103
Let v(q) = -q**3 + 7*q + 18. Let m be v(-8). Suppose 3*x + p = -2*p + m, -4*p = -4*x + 640. What are the prime factors of x?
3, 53
Let k be ((-40)/(-12))/((-4)/(-318)). Suppose -k = 5*x + 205. Let w = 166 + x. List the prime factors of w.
2, 3
Let c be 2 + 18/9*3/2. Suppose c*i = 2*z + 4*i - 275, 4*i = z - 141. List the prime factors of z.
137
Suppose 39*r + 10 = 44*r. Suppose 2*l + r*l - 400 = 0. What are the prime factors of l?
2, 5
List the prime factors of 3/((-24)/(-3262)) - 48/(-192).
2, 3, 17
Suppose -29*v = -2992 + 556. List the prime factors of v.
2, 3, 7
Let y(c) = -29*c**2 + 5*c - 1. Let z(u) = -u. Let p(m) = -y(m) - 4*z(m). What are the prime factors of p(2)?
5, 23
Suppose -24 = -10*n + 6*n. Let l be -18*(-2)/9*n. Let w = 18 + l. List the prime factors of w.
2, 3, 7
Let g(c) = -c**3 + 6*c**2 + 3*c + 24. Let f be g(7). Let d = 25 - f. What are the prime factors of d?
29
Let o(i) = 313*i - 283. List the prime factors of o(4).
3, 17, 19
Let i = -17 - -20. Suppose -i = -0*n - n. Suppose 0 = -n*s - 5*w + 79, -4*s - 5*w = -w - 108. What are the prime factors of s?
2, 7
Let g(w) = w**3 + 10*w**2 + 9*w + 6. Suppose 5*f + 15 = 0, 7 + 8 = -p - 2*f. Let u be g(p). Suppose 4*r - u = 2. What are the prime factors of r?
2
Let y(s) = -17*s - 18. Suppose 0 = 4*k - 8, -2*u = 3*u + 4*k + 17. List the prime factors of y(u).
67
Suppose -3*u = 5*r - 7 - 3, r + 5 = -2*u. List the prime factors of (r*-1)/(944/136 + -7).
5, 17
Let y(s) = -5*s + 1 + 13 - 8*s. Let n be y(7). Let u = -50 - n. What are the prime factors of u?
3
Suppose 0 = 129*y - 118*y - 34705. What are the prime factors of y?
5, 631
Let t(l) = -l**3 + 7*l**2 - 6*l. Let n be t(6). Suppose 5*i - 171 = -3*s + 99, 2*s + 10 = n. What are the prime factors of i?
3, 19
Let o = 1144 - -407. List the prime factors of o.
3, 11, 47
Let q(o) = o**2 + 5*o + 7. Let x be q(-4). Let s(g) = 11 - 1 - g - g**3 + 2*g**x - 2*g**3 - 7*g**2. What are the prime factors of s(-7)?
17
Let q = -18 - -181. What are the prime factors of q?
163
Suppose -10 = -5*c, 4*c = 2*h - 0*c - 64. What are the prime factors of 933/(-18)*h/(-6)?
311
Let o = 462 - -185. What are the prime factors of o?
647
Suppose -3 = -g + 2. Let c be 6/(3 - g - -4). Suppose -3*k - 280 = -8*k + 5*n, -c*n - 113 = -2*k. What are the prime factors of k?
5, 11
Let q(k) = 3*k - 4. Let h be q(-10). Let v(w) = -7*w**3 - 2. Let g be v(2). Let b = h - g. List the prime factors of b.
2, 3
Let o(u) = u + 6. Let x be o(5). Let t(b) = b**2 - 11*b + x + 3*b + 4. List the prime factors of t(6).
3
Suppose -91*v - 14184 = -99*v. What are the prime factors of v?
3, 197
Suppose -5*t = -9121 + 496. What are the prime factors of t?
3, 5, 23
Let v be (-3)/(-9) + (-3)/9. Suppose -p + 0*p - 7 = v. List the prime factors of -2*3/2*p.
3, 7
Let q(f) = 59*f + 250. List the prime factors of q(18).
2, 41
Let l = 15 + -30. Let b be 13/3 - 10/l. List the prime factors of -3 + -10*b/(-1).
47
Let n = 2131 + -1480. List the prime factors of n.
3, 7, 31
Suppose 382 = 3*u - 149. List the prime factors of -3 + (u - 3 - -1).
2, 43
Let g be (-2)/((-1)/7 - 0). Suppose